{"id":836,"date":"2023-11-27T11:57:59","date_gmt":"2023-11-27T10:57:59","guid":{"rendered":"https:\/\/bercloux.fr\/?page_id=836"},"modified":"2023-11-27T12:14:38","modified_gmt":"2023-11-27T11:14:38","slug":"hstory","status":"publish","type":"page","link":"https:\/\/bercloux.fr\/index.php\/hstory\/","title":{"rendered":"Histoire"},"content":{"rendered":"\t\t<div data-elementor-type=\"wp-page\" data-elementor-id=\"836\" class=\"elementor elementor-836\">\n\t\t\t\t\t\t\t<div class=\"elementor-element elementor-element-a4b0840 e-flex e-con-boxed e-con e-parent\" data-id=\"a4b0840\" data-element_type=\"container\" data-settings=\"{&quot;content_width&quot;:&quot;boxed&quot;}\" data-core-v316-plus=\"true\">\n\t\t\t\t\t<div class=\"e-con-inner\">\n\t\t\t\t<div class=\"elementor-element elementor-element-da6342c elementor-widget elementor-widget-heading\" data-id=\"da6342c\" data-element_type=\"widget\" data-widget_type=\"heading.default\">\n\t\t\t\t<div class=\"elementor-widget-container\">\n\t\t\t<style>\/*! elementor - v3.17.0 - 08-11-2023 *\/\n.elementor-heading-title{padding:0;margin:0;line-height:1}.elementor-widget-heading .elementor-heading-title[class*=elementor-size-]>a{color:inherit;font-size:inherit;line-height:inherit}.elementor-widget-heading .elementor-heading-title.elementor-size-small{font-size:15px}.elementor-widget-heading .elementor-heading-title.elementor-size-medium{font-size:19px}.elementor-widget-heading .elementor-heading-title.elementor-size-large{font-size:29px}.elementor-widget-heading .elementor-heading-title.elementor-size-xl{font-size:39px}.elementor-widget-heading .elementor-heading-title.elementor-size-xxl{font-size:59px}<\/style><h2 class=\"elementor-heading-title elementor-size-default\">A PROPOS DE LA DISTILLERIE DE BERCLOUX<\/h2>\t\t<\/div>\n\t\t\t\t<\/div>\n\t\t\t\t<div class=\"elementor-element elementor-element-0e4829f elementor-widget elementor-widget-text-editor\" data-id=\"0e4829f\" data-element_type=\"widget\" data-widget_type=\"text-editor.default\">\n\t\t\t\t<div class=\"elementor-widget-container\">\n\t\t\t<style>\/*! elementor - v3.17.0 - 08-11-2023 *\/\n.elementor-widget-text-editor.elementor-drop-cap-view-stacked .elementor-drop-cap{background-color:#69727d;color:#fff}.elementor-widget-text-editor.elementor-drop-cap-view-framed .elementor-drop-cap{color:#69727d;border:3px solid;background-color:transparent}.elementor-widget-text-editor:not(.elementor-drop-cap-view-default) .elementor-drop-cap{margin-top:8px}.elementor-widget-text-editor:not(.elementor-drop-cap-view-default) .elementor-drop-cap-letter{width:1em;height:1em}.elementor-widget-text-editor .elementor-drop-cap{float:left;text-align:center;line-height:1;font-size:50px}.elementor-widget-text-editor .elementor-drop-cap-letter{display:inline-block}<\/style>\t\t\t\t<p>La Distillerie Bercloux \u00e9labore ses eaux-de-vie en utilisant une m\u00e9thode de\u00a0distillation moderne gr\u00e2ce \u00e0 son alambic\u00a0STUPFLER\u00ae.\u00a0Fond\u00e9 \u00e0 Bordeaux en 1925,\u00a0Alambics STUPFLER \u00ae\u00a0s\u2019est sp\u00e9cialis\u00e9 dans la conception et la fabrication sur mesure d\u2019alambics \u00e0 la pointe de la technologie pour la distillation d&#8217;eaux-de-vie de qualit\u00e9 Ultra-Premium. Depuis presque un si\u00e8cle au service des clients les plus exigeants, les\u00a0Alambics STUPFLER\u00a0\u00ae\u00a0ont peu \u00e0 peu d\u00e9velopp\u00e9 leur propre technologie qui surpasse d\u00e9sormais tous les autres modes de distillation.\u00a0Le\u00a0Syst\u00e8me Exclusif STUPFLER\u00ae\u00a0permet aujourd\u2019hui\u00a0d\u2019obtenir en une seule distillation de tr\u00e8s \u00e9l\u00e9gantes eaux-de-vie, sans aucun des d\u00e9fauts inh\u00e9rents aux alcools issus des autres alambics \u00e0 colonne\u00a0<strong>(duret\u00e9,\u00a0br\u00fblure, agressivit\u00e9\u2026)\u00a0<\/strong>ou \u00e0 repasse\u00a0<strong>(pertes\u00a0d\u2019ar\u00f4mes)<\/strong>.\u00a0Riches, fines, \u00e9tonnamment souples et douces, les\u00a0eaux-de-vie auront conserv\u00e9 l\u2019int\u00e9gralit\u00e9 et la diversit\u00e9\u00a0aromatique des mati\u00e8res premi\u00e8res dont elles seront issues.\u00a0<\/p>\t\t\t\t\t\t<\/div>\n\t\t\t\t<\/div>\n\t\t\t\t<div class=\"elementor-element elementor-element-d059fc5 elementor-widget elementor-widget-image\" data-id=\"d059fc5\" data-element_type=\"widget\" data-widget_type=\"image.default\">\n\t\t\t\t<div class=\"elementor-widget-container\">\n\t\t\t<style>\/*! elementor - v3.17.0 - 08-11-2023 *\/\n.elementor-widget-image{text-align:center}.elementor-widget-image a{display:inline-block}.elementor-widget-image a img[src$=\".svg\"]{width:48px}.elementor-widget-image img{vertical-align:middle;display:inline-block}<\/style>\t\t\t\t\t\t\t\t\t\t\t\t<img decoding=\"async\" src=\"https:\/\/bercloux.fr\/wp-content\/plugins\/elementor\/assets\/images\/placeholder.png\" title=\"\" alt=\"\" loading=\"lazy\" \/>\t\t\t\t\t\t\t\t\t\t\t\t\t\t\t<\/div>\n\t\t\t\t<\/div>\n\t\t\t\t\t<\/div>\n\t\t\t\t<\/div>\n\t\t\t\t\t\t\t<\/div>\n\t\t","protected":false},"excerpt":{"rendered":"<p>A PROPOS DE LA DISTILLERIE DE BERCLOUX La Distillerie Bercloux \u00e9labore ses eaux-de-vie en utilisant une m\u00e9thode de\u00a0distillation moderne gr\u00e2ce \u00e0 son alambic\u00a0STUPFLER\u00ae.\u00a0Fond\u00e9 \u00e0 Bordeaux en 1925,\u00a0Alambics STUPFLER \u00ae\u00a0s\u2019est sp\u00e9cialis\u00e9 dans la conception et la fabrication sur mesure d\u2019alambics \u00e0 la pointe de la technologie pour la distillation d&#8217;eaux-de-vie de qualit\u00e9 Ultra-Premium. Depuis presque un &hellip;<\/p>\n<p class=\"read-more\"> <a class=\"\" href=\"https:\/\/bercloux.fr\/index.php\/hstory\/\"> <span class=\"screen-reader-text\">Histoire<\/span> Read More &raquo;<\/a><\/p>\n","protected":false},"author":2,"featured_media":0,"parent":0,"menu_order":0,"comment_status":"closed","ping_status":"closed","template":"","meta":{"site-sidebar-layout":"no-sidebar","site-content-layout":"page-builder","ast-site-content-layout":"full-width-container","site-content-style":"default","site-sidebar-style":"default","ast-global-header-display":"","ast-banner-title-visibility":"","ast-main-header-display":"","ast-hfb-above-header-display":"","ast-hfb-below-header-display":"","ast-hfb-mobile-header-display":"","site-post-title":"disabled","ast-breadcrumbs-content":"","ast-featured-img":"disabled","footer-sml-layout":"","theme-transparent-header-meta":"","adv-header-id-meta":"","stick-header-meta":"","header-above-stick-meta":"","header-main-stick-meta":"","header-below-stick-meta":"","astra-migrate-meta-layouts":"set","ast-page-background-enabled":"default","ast-page-background-meta":{"desktop":{"background-color":"","background-image":"","background-repeat":"repeat","background-position":"center center","background-size":"auto","background-attachment":"scroll","background-type":"","background-media":"","overlay-type":"","overlay-color":"","overlay-gradient":""},"tablet":{"background-color":"","background-image":"","background-repeat":"repeat","background-position":"center center","background-size":"auto","background-attachment":"scroll","background-type":"","background-media":"","overlay-type":"","overlay-color":"","overlay-gradient":""},"mobile":{"background-color":"","background-image":"","background-repeat":"repeat","background-position":"center center","background-size":"auto","background-attachment":"scroll","background-type":"","background-media":"","overlay-type":"","overlay-color":"","overlay-gradient":""}},"ast-content-background-meta":{"desktop":{"background-color":"var(--ast-global-color-5)","background-image":"","background-repeat":"repeat","background-position":"center center","background-size":"auto","background-attachment":"scroll","background-type":"","background-media":"","overlay-type":"","overlay-color":"","overlay-gradient":""},"tablet":{"background-color":"var(--ast-global-color-5)","background-image":"","background-repeat":"repeat","background-position":"center center","background-size":"auto","background-attachment":"scroll","background-type":"","background-media":"","overlay-type":"","overlay-color":"","overlay-gradient":""},"mobile":{"background-color":"var(--ast-global-color-5)","background-image":"","background-repeat":"repeat","background-position":"center center","background-size":"auto","background-attachment":"scroll","background-type":"","background-media":"","overlay-type":"","overlay-color":"","overlay-gradient":""}},"footnotes":""},"class_list":["post-836","page","type-page","status-publish","hentry"],"_links":{"self":[{"href":"https:\/\/bercloux.fr\/index.php\/wp-json\/wp\/v2\/pages\/836","targetHints":{"allow":["GET"]}}],"collection":[{"href":"https:\/\/bercloux.fr\/index.php\/wp-json\/wp\/v2\/pages"}],"about":[{"href":"https:\/\/bercloux.fr\/index.php\/wp-json\/wp\/v2\/types\/page"}],"author":[{"embeddable":true,"href":"https:\/\/bercloux.fr\/index.php\/wp-json\/wp\/v2\/users\/2"}],"replies":[{"embeddable":true,"href":"https:\/\/bercloux.fr\/index.php\/wp-json\/wp\/v2\/comments?post=836"}],"version-history":[{"count":14,"href":"https:\/\/bercloux.fr\/index.php\/wp-json\/wp\/v2\/pages\/836\/revisions"}],"predecessor-version":[{"id":857,"href":"https:\/\/bercloux.fr\/index.php\/wp-json\/wp\/v2\/pages\/836\/revisions\/857"}],"wp:attachment":[{"href":"https:\/\/bercloux.fr\/index.php\/wp-json\/wp\/v2\/media?parent=836"}],"curies":[{"name":"wp","href":"https:\/\/api.w.org\/{rel}","templated":true}]}}